Suppose 5*a - 430 = 5*v, -2*v + v + 4*a = 95. Let x = 88 + v. Suppose -x*q = 2*l - 8042 - 3903, -3*l = 0. Is q a composite number?
False
Let o = 30676 - -90363. Is o composite?
False
Let o(m) = 54001*m - 3400. Is o(9) prime?
False
Suppose 0 = -5*n + 15, 4*j - n = -5 + 30. Suppose -7132 - 35869 = -j*k. Is k a prime number?
True
Let p = -59 + 67. Suppose p*v - 36580 = 3*v + 2*r, -v + 7303 = -3*r. Is v a composite number?
True
Let n(x) = -1770*x + 1331. Is n(-67) a prime number?
True
Suppose 5*k = -12 + 72. Let u(o) = o**3 + o**2 + 1. Let f(i) = 7*i**3 + 5*i**2 + 10*i - 9. Let s(t) = f(t) - 6*u(t). Is s(k) composite?
True
Let s be (6246 + -3 + 17)*23/4. Suppose -4*a + 10789 = 3*j - 18006, -5*a - 4*j = -s. Is a a composite number?
True
Let h be -5 + 8 + -6072 + -3. Let b = h + 9440. Suppose -5*o = -b - 3987. Is o a prime number?
True
Let w = 144 + -166. Is ((-508)/(-6))/(w/(-66)) prime?
False
Suppose -571941 = -3*c + 3*w, 0 = -c + 2*w + 211808 - 21165. Is c a prime number?
False
Let h be 0 - (9/(-15))/(5/50). Is 2*4535 + -4*h/(-24) composite?
True
Suppose -43*o + 42*o = -9. Suppose 5*k - o*k = 0. Suppose k*r - r - 451 = -2*s, -5*r = -5*s + 1140. Is s a prime number?
True
Let m(q) = -q**2 - 6*q - 4. Let v be m(-2). Suppose 5*o - 794 = -v*i + 2083, -i - 1733 = -3*o. Suppose 5*c - 378 = o. Is c composite?
False
Is (-105)/(-210)*(10078 + 0)/1 prime?
True
Let g = 704739 - 174350. Is g a prime number?
True
Suppose 4 = -9*r + 10*r. Suppose -5*t = 4*u + 60, -3*u - 34 - 12 = r*t. Is 21924/60 + 4/u prime?
False
Let y = 65 - 61. Suppose 3*m = -4*f - 3, 3*m + y = -3*f - m. Suppose -k = 5*t + 4*k - 11525, 5*t - k - 11549 = f. Is t composite?
False
Is -30 + 12 - (2 + -15) - -1439886 prime?
True
Let t(w) = 38*w**2 + 35*w + 9. Let m = -96 - -88. Is t(m) prime?
True
Suppose 16*y - 13*y + 27 = 0. Let u be (-6)/y*(1 - (-4718)/4). Suppose -7*g + u = -6*g. Is g prime?
True
Suppose 70287 = -12*f - 9*f. Let l = f - -10696. Is l a composite number?
False
Let p(u) = -25 + 4*u**3 - 4*u**3 + 2*u - 5*u - u**3 - 9*u**2. Let n be p(-9). Is n*(-2)/18 - (-18501)/27 composite?
True
Let w = -313 - -701. Suppose -7*y + 1474 + w = 0. Suppose 0*b = 4*b - 5*i - y, b + 5*i = 79. Is b prime?
False
Suppose 0 = -4*p - 0*p - 300. Let j = p - -77. Suppose -174 = -j*k + d + 3*d, -3*d = 4*k - 304. Is k a composite number?
False
Suppose -127*w + 130*w - 60 = 0. Suppose -3*a = -u + 556, -w + 14 = -3*a. Is u composite?
True
Suppose -9*d - 4*h - 171681 = -14*d, h + 68673 = 2*d. Is d a composite number?
False
Suppose -9*o = 4*d - 14*o - 140555, -4*o + 70258 = 2*d. Is d composite?
True
Let r(f) = f**2 + 12*f - 10. Let o be r(-13). Let j(b) = 245*b**2 - 3*b - 13. Is j(o) a prime number?
False
Let o = 68 - 127. Let y = o - -58. Let k(s) = -80*s**3 - 3*s**2 - 3*s - 1. Is k(y) a prime number?
True
Let o(y) = 247*y**3 + 21*y**2 - 25*y + 542. Is o(15) a composite number?
False
Let k(y) = y**3 + 24*y**2 - 25*y. Let j be k(-25). Suppose 8*w - 9*w + 12047 = j. Is w composite?
True
Suppose m - 2*m + 2*c = -7, 0 = 2*m - 2*c - 10. Suppose 4*s - m*g - 11905 = 29699, -g = -3*s + 31203. Is s a prime number?
False
Let r(m) be the third derivative of -377*m**6/60 - m**5/30 - m**4/24 + m**2. Let x = 10742 - 10743. Is r(x) composite?
True
Suppose 422 = l - 114. Suppose -1320 = -2*z - l. Let x = z - 229. Is x composite?
False
Let o(b) = 4*b**2 - 5*b + 10. Let j be 1 - 3 - (-27 - -2). Suppose -5*l = -10*l - d + j, -4*d = l + 3. Is o(l) a prime number?
False
Let c = 2727 - 290. Suppose -90*k + c = -89*k. Is k a composite number?
False
Let k = 539 - 539. Is k + -5*(-69246)/30 composite?
True
Let c(a) = -a**2 - 7*a - 2. Let h be c(9). Let v = h - -261. Is v*2/4*2 a prime number?
False
Is (-6)/51 - (-379350)/102 a composite number?
False
Suppose 2*b - p = 6152 - 197, -11905 = -4*b + p. Let k = b - -478. Is k prime?
False
Let d(p) = 461*p**2 + 5*p + 45. Is d(-5) a prime number?
False
Let l(c) = -208*c - 6*c**3 + 36 + 7*c**2 + 210*c + 0*c**3 + 17. Is l(-10) composite?
False
Suppose 11*q - 195 = 6*q. Suppose q*r - 33*r - 54 = 0. Is (4 - (-18942)/r)/(8/12) prime?
True
Suppose -z + 5*z - 18 = 2*w, -3*w - 12 = -3*z. Suppose 4*i - 5*c = i + 20, -2*i - z*c = 20. Suppose 3*a + 2*d - 770 = 1173, i = -4*d + 4. Is a a prime number?
True
Let v be -6*(-4)/8 + 27. Let b be (4 + 16 + 0)/((-1)/v). Let z = b + 1397. Is z a prime number?
True
Let q(w) = -232*w + 151. Let x be q(-4). Suppose 4*i + f = 49, -45 = -5*i - 5*f + 35. Is (x - i) + (-1 - 0) a prime number?
False
Let r be (-30)/105 - 23669/(-7). Suppose -3*l = 2*i - 14, 5*i - 26 = -3*l - 0*l. Suppose -i*t = 6*v - 11*v + r, 4*v - 2705 = 3*t. Is v a prime number?
True
Suppose 4*u + 8 = 28, -5*s - 4*u = -365515. Is s a prime number?
False
Let f = 305 + -309. Let b(t) = 207*t**2 + 3*t - 1. Is b(f) a prime number?
True
Let b(r) be the second derivative of -125/6*r**3 - 12*r - 17/2*r**2 + 0. Is b(-6) a composite number?
False
Suppose -353 = -4*x - 15829. Let d = x - -9915. Is d composite?
True
Let z(c) = -2*c**2 - 5*c + 21. Let a be z(-6). Let f(n) = -117*n - 4. Is f(a) a prime number?
False
Let d = -824 - -4018. Let b = d + -1795. Is b composite?
False
Let q = 266 - 261. Suppose 6*c - 5*c - 4650 = 5*v, -5 = q*v. Is c composite?
True
Let x(k) = 39*k**3 + 9*k**2 - k + 2. Let q be x(7). Suppose -r + 4*r - 41471 = 4*b, -4*b = -r + q. Is r a prime number?
True
Let s(m) = m**3 - m**2 - m + 6. Let t = -69 - -69. Let z be s(t). Suppose z*i - 4485 = 3909. Is i a prime number?
True
Let h = 249 + -245. Suppose h*u + 4963 = 11*u. Is u a prime number?
True
Is (11650/125)/((-4)/(-10310)) a composite number?
True
Let d = 1718968 - 375125. Is d composite?
True
Suppose -16*a - 455409 + 1758145 = 0. Is a composite?
False
Let p(r) = 2*r**3 - 8*r**2 + 6*r - 3. Let m be p(5). Suppose -t - 635 = -8*h + 7*h, -5*t - 25 = 0. Let z = m + h. Is z composite?
True
Let d = 2473 - -4350. Is d a composite number?
False
Suppose -136*p - 18*p = 0. Suppose 2*t + 12 = 4*t. Suppose i + 932 = t*i + k, -2*k - 6 = p. Is i prime?
False
Let q be (-1 - -4)/(((-24)/64)/(-1)). Let a be (-1 - (-2 - -2))*-2. Suppose 0 = -k - 5*m + 21, -a*k - 3*m + 72 = -q*m. Is k composite?
False
Let l = -276 + 474. Suppose -1581 = 5*g - 4*b, 3*b = 3*g - 0*b + 948. Let a = l - g. Is a composite?
True
Suppose s - 11676 = 3*f - 2*s, -5*s = -2*f - 7790. Let z = -1711 - f. Is z a composite number?
False
Let u(h) = 64*h**2 + 160*h + 2047. Is u(-146) prime?
False
Let r(l) = -448*l**3 - 5*l**2 - 18*l + 18. Is r(-5) a prime number?
False
Let p = -7365 + 188176. Is p composite?
False
Suppose -4*o + 71 = -3*r, -2*r - 2*o - o - 70 = 0. Let k = r + 32. Suppose 5*y = 3*p + 1385, -k*p - 837 = -0*y - 3*y. Is y composite?
True
Suppose 4411 = 16*w - 7925. Let l = w + -185. Is l a composite number?
True
Let m = 88296 + 374897. Is m prime?
False
Let a = 722 - 1132. Let j = -304 - a. Is j a composite number?
True
Let v(j) = -20*j - 1. Let n be v(-5). Suppose -27*k = 5*k - 4928. Let b = k + n. Is b composite?
True
Let c(l) be the first derivative of -71*l**4/4 + l**3 + l**2/2 - 54. Is c(-5) a composite number?
True
Suppose 229*k = -1244486 + 8491191. Is k a prime number?
False
Let q(j) = 6*j + 51. Let k(a) = -17 - 5*a + 2*a - a + 2*a. Let r(z) = -17*k(z) - 6*q(z). Is r(-14) prime?
True
Let q = 428704 - 238557. Is q a composite number?
False
Suppose 4*v - 2*g - 14 = 4, v - 3*g - 7 = 0. Suppose -v*f + 5*m + 7512 = -4196, -5854 = -2*f + 2*m. Is f a composite number?
False
Let d = 424093 - 200988. Is d a prime number?
False
Let q(n) = -423*n - 76. Let u be q(-10). Let t = 5931 + u. Is t a composite number?
True
Let y = -543 - -1291. Suppose 3*c - 66 = -4*n + 385, -5*c = 3*n - y. Is c a composite number?
False
Let m = 3478 + 3255. Is m prime?
True
Suppose 0 = 10*o - 1234 + 114. Let l = o - 205. Let m = 1646 + l. Is m a prime number?
True
Let d be -3*(-2 + 3)*3. Suppose -4*x + 3542 = x - 2*v, -x + 706 = -v. Is x/4 + d/(-6) a composite number?
False
Suppose 15002 = 16*z + 218. Suppose -5*x - 2*r = -3522, 4*r + z = x + 202. Is x prime?
False
Let l = -9436 - -17160. Suppose 0 = -a - 3*a + l. Is a prime?
True
Suppose h - a + 44 = 0, -h - a = a + 32. Let v = -568 - h. Let s = v - -935. Is s composite?
True
Let q be 2/(3 - 7/3). Let s = -1 + q. Suppose 3*p - 3*f = 70 + 824, -s*p 